4
Let l(d) = -d**3 + 37*d**2 - 59*d + 20. Give l(35).
405
Let v(i) = 19*i**2 + 8*i + 8. What is v(-1)?
19
Let j(o) = -5*o**3 + 444*o**2 + 86*o + 8. Calculate j(89).
-259
Let n(b) = 209*b + 1044. Give n(-5).
-1
Let x(b) = -11*b**2 - 394*b - 318. Determine x(-35).
-3
Let r(b) = -b**2 - 14*b + 889. What is r(-37)?
38
Let d(c) = c**3 - 4*c**2 - 13. Give d(4).
-13
Let q(l) = -6*l**2 - 109*l + 62. Calculate q(-19).
-33
Let s(z) = 19*z**3 + z**2. What is s(1)?
20
Let c(g) = -2*g**2 - 129*g - 815. Calculate c(-6).
-113
Let o(d) = 246*d - 841. Give o(3).
-103
Let a(u) = -6*u - 57. Determine a(-10).
3
Let k(b) = 133*b - 2. What is k(-1)?
-135
Let v(s) = s**3 - 19*s**2 - 144*s + 572. Calculate v(24).
-4
Let c(s) = -56*s - 18. What is c(-1)?
38
Let w(i) = 6076*i + 6083. Give w(-1).
7
Let j(z) = -23*z**2 + 30*z + 3. Give j(-4).
-485
Let c(v) = -143*v - 12142. Give c(-85).
13
Let x(i) = 161*i + 6284. What is x(-39)?
5
Let p(y) = y**3 + 3*y**2 - 78*y - 513. Give p(-6).
-153
Let k(s) = s**2 + 654*s - 3938. What is k(6)?
22
Let h(u) = -6*u - 82. Calculate h(-19).
32
Let g(r) = -153*r + 825. What is g(7)?
-246
Let c(q) = 5564*q**2 + 72331*q - 11. What is c(-13)?
2
Let c(o) = 13*o**2 + 34*o + 115. What is c(-4)?
187
Let k(m) = 2*m**2 + 99*m + 1102. Give k(-19).
-57
Let z(i) = i**3 - 10*i**2 - 61*i + 44. What is z(14)?
-26
Let m(p) = 3*p**3 + 265*p**2 - 446*p + 357. What is m(-90)?
-3
Let r(v) = -v**3 + 19*v**2 + 36*v - 376. Give r(21).
-502
Let q(c) = c**3 - 43*c**2 + 9*c - 272. Calculate q(43).
115
Let p(r) = -3*r**3 + 4*r**2 + 2*r + 18. Calculate p(6).
-474
Let u(a) = 42*a - 2632. Determine u(62).
-28
Let c(b) = -b**3 - 237*b**2 - 933*b - 216. Calculate c(-233).
17
Let b(z) = -z**3 - 16*z**2 - 2*z - 33. What is b(-16)?
-1
Let t(w) = 7409*w + 7462. Calculate t(-1).
53
Let z(x) = -125*x**2 - 1995*x + 85. Give z(-16).
5
Let o(w) = 24*w**2 + 10*w - 9. Give o(1).
25
Let v(g) = g**3 + 50*g**2 - 173*g - 6228. Determine v(-51).
-6
Let x(f) = 790*f + 2371. Give x(-3).
1
Let f(g) = g**3 + 24*g**2 - 107*g + 61. What is f(-28)?
-79
Let g(i) = i**2 - 55*i - 354. Give g(67).
450
Let l(d) = 255*d + 1250. Calculate l(-5).
-25
Let c(y) = 15*y**2 - 248*y + 496. Calculate c(14).
-36
Let j(w) = w**3 - 6*w**2 + w - 228. Determine j(0).
-228
Let q(f) = 2*f**3 - f**2 - 86*f + 104. Calculate q(6).
-16
Let w(o) = o**3 - 2*o**2 + 4*o - 103. Give w(5).
-8
Let v(n) = -n**2 + 329*n + 2312. Determine v(-7).
-40
Let y(m) = -608*m + 5469. Calculate y(9).
-3
Let k(t) = -t - 55. Give k(37).
-92
Let k(m) = 11515*m + 115146. What is k(-10)?
-4
Let j(z) = 511*z + 99652. Give j(-195).
7
Let d(x) = -x**3 + 5*x**2 + 1182*x + 107. Determine d(37).
33
Let u(c) = -c**3 - 40*c**2 + 86*c + 42. What is u(-42)?
-42
Let y(o) = -144*o + 1749. Calculate y(12).
21
Let t(k) = k**3 - 187*k**2 + 8580*k + 636. Give t(106).
0
Let o(g) = g**3 - 8*g**2 - 5*g + 43. Give o(10).
193
Let s(l) = 2*l**3 + 5*l**2 - 72*l - 384. What is s(-5)?
-149
Let k(n) = 28*n - 908. Calculate k(25).
-208
Let y(k) = -k**3 - 2*k**2 - 18*k - 110. Give y(-5).
55
Let r(d) = 5*d**2 + 734*d - 1467. Give r(2).
21
Let c(u) = 111*u + 2728. What is c(-25)?
-47
Let o(n) = -45*n**3 + 9*n**2 - 8*n - 1. What is o(1)?
-45
Let a(b) = 1007*b + 5038. Determine a(-5).
3
Let f(h) = -h**3 - 10*h**2 + 11*h - 4. Determine f(-11).
-4
Let n(g) = -3*g**3 + 44*g**2 + 16*g - 39. Calculate n(15).
-24
Let l(o) = -6*o + 4. What is l(30)?
-176
Let d(y) = -56*y + 1700. Calculate d(30).
20
Let q(u) = u**3 + 10*u**2 + 13*u + 42. Determine q(-9).
6
Let d(s) = s**3 + 47*s**2 - 150*s + 23. Determine d(-50).
23
Let z(q) = 21*q**3 + 2*q**2 - 6. Give z(2).
170
Let w(u) = -u**3 + 21*u**2 + 64*u. Give w(24).
-192
Let h(d) = 88*d**2 - 271*d - 13. What is h(3)?
-34
Let h(s) = 6*s**2 - 15*s + 56. What is h(4)?
92
Let c(n) = n**3 - 20*n**2 + 28*n - 50. What is c(19)?
121
Let x(d) = 51*d + 25. Calculate x(4).
229
Let a(k) = 855*k + 5121. Calculate a(-6).
-9
Let o(s) = 11*s**2 - 2495*s - 10631. Give o(231).
-5
Let b(w) = 19*w**3 - 129*w**2 - 23*w - 37. Determine b(7).
-2
Let y(r) = -6*r**2 + 716*r - 918. Calculate y(118).
26
Let s(u) = 54*u - 128. Calculate s(0).
-128
Let q(o) = o**3 + 20*o**2 + 123*o + 3001. Give q(-21).
-23
Let v(o) = -o**2 + 54*o - 739. What is v(21)?
-46
Let l(u) = -29*u**2 - 67*u - 3. What is l(-2)?
15
Let d(i) = 12910*i - 167833. Determine d(13).
-3
Let p(c) = -3*c - 109. Give p(14).
-151
Let g(u) = -59*u - 272. What is g(-5)?
23
Let n(q) = 197*q + 3310. What is n(-17)?
-39
Let i(l) = 47*l + 581. Calculate i(-12).
17
Let l(o) = -2022*o - 4053. What is l(-2)?
-9
Let j(i) = 3*i**2 + 50*i + 87. Calculate j(-15).
12
Let q(l) = -74*l - 5895. Give q(-80).
25
Let v(y) = 6*y - 23. What is v(7)?
19
Let i(v) = 1686*v - 26983. Determine i(16).
-7
Let f(b) = b**3 - 7*b**2 - 8*b + 8. Give f(8).
8
Let j(y) = 5*y**2 - 144*y + 21. Calculate j(31).
362
Let p(g) = 305*g + 6617. Give p(-22).
-93
Let m(t) = 11*t - 224. What is m(25)?
51
Let h(t) = -276*t - 818. Determine h(-3).
10
Let h(l) = 2*l**3 - 29*l**2 + 30*l + 21. Give h(13).
-96
Let z(y) = 400*y - 7277. Determine z(18).
-77
Let g(n) = -2*n + 264. Determine g(122).
20
Let p(z) = 8*z**2 + 32*z - 161. Give p(4).
95
Let k(d) = 17*d + 177. Calculate k(-6).
75
Let w(z) = -z**3 + 118*z**2 - 453*z - 347. Determine w(114).
-5
Let d(a) = a**3 + 4*a**2 - 62*a - 20. Calculate d(-10).
0
Let v(j) = -2*j**2 - 2089*j + 6258. Determine v(3).
-27
Let d(v) = -4*v**2 - 23*v - 31. Calculate d(-13).
-408
Let d(v) = -2*v**3 - 55*v**2 - 370*v - 29. Determine d(-11).
48
Let c(x) = 4*x**3 - 333*x**2 + 94*x - 921. What is c(83)?
-8
Let z(d) = -3*d**3 - 18*d**2 - 83*d - 161. Determine z(-3).
7
Let j(g) = 390*g + 1839. Calculate j(-5).
-111
Let x(q) = q**3 + 18*q**2 + 30*q - 21. Determine x(-16).
11
Let k(s) = s**2 + 349*s + 1029. Determine k(-3).
-9
Let i(l) = 2*l**3 + 7*l**2 - 72*l - 233. Calculate i(-3).
-8
Let f(b) = b**3 - 23*b**2 + 67*b + 156. What is f(19)?
-15
Let q(n) = n**3 - 2*n**2 + 2*n - 171. Give q(0).
-171
Let p(g) = -6*g - 10. Calculate p(-13).
68
Let j(m) = -m**2 + 34*m + 70. What is j(34)?
70
Let a(i) = 32*i - 80. Determine a(4).
48
Let o(k) = 126*k + 40. Calculate o(-1).
-86
Let x(v) = -2*v**3 + 10*v**2 - 5*v - 3. What is x(4)?
9
Let z(l) = -l**3 - 6*l**2 - 7*l - 49. Calculate z(-6).
-7
Let k(c) = -59*c**3 - 2*c - 1. Give k(-1).
60
Let d(g) = -g**3 - 6*g**2 + 25*g + 1. Give d(3).
-5
Let b(a) = -a**2 + 11*a + 13. Give b(12).
1
Let n(r) = -r**3 + 29*r**2 - 63*r - 1376. What is n(24)?
-8
Let n(q) = -q**2 - 635*q + 3194. Determine n(5).
-6
Let j(t) = -5*t**3 - 2*t + 2. Give j(1).
-5
Let h(s) = s**3 + 9*s**2 - 34*s - 1. Determine h(-8).
335
Let s(l) = 175*l - 1934. Determine s(11).
-9
Let m(f) = 13*f - 161. What is m(25)?
164
Let b(f) = f**3 + 48*f**2 + 74*f - 809. What is b(-46)?
19
Let u(n) = n**3 + 40*n**2 - 271*n - 18. What is u(6)?
12
Let u(g) = g**3 + 20*g**2 - 6*g - 111. Determine u(-20).
9
Let z(b) = b**2 + 80*b + 431. Give z(-6).
-13
Let k(g) = -19*g**2 + 682*g + 64. Give k(36).
-8
Let u(m) = 34*m - 678. What is u(20)?
2
Let w(i) = -30*i - 258. Calculate w(-9).
12
Let z(u) = 14*u + 322. Give z(-27).
-56
Let t(y) = -5*y**2 - 90*y - 6. Determine t(-18).
-6
Let h(v) = v**3 + 12*v**2 - 37*v - 242. Give h(-8).
310
Let o(s) = s**3 + 34*s**2 + 133*s + 403. Give o(-30).
13
Let v(f) = -66*f - 1584. Give v(-29).
330
Let v(w) = w**2 - 500*w - 22768. Calculate v(-42).
-4
Let n(d) = 2458*d - 29513. What is n(12)?
-17
Let m(n) = -n**2 + 7*n - 47. What is m(8)?
-55
Let h(v) = -76*v**2 - 1294*v - 33. Give h(-17).
1
Let x(d) = -245*d**2 + 5163*d - 374. Give x(21).
4
Let g(b) = 2*b**2 + 20*b + 44. Calculate g(-4).
-4
Let b(x) = 5*x**2 + 18*x + 73. What is b(-7)?
192
Let r(g) = 126*g + 35. Determine r(-2).
-217
Let s(f) = 10*f - 358. Calculate s(30).
-58
Let o(w) = -w**3 + 4*w**2 + 67*w - 322. What is o(6)?
8
Let s(d) = 2*d**2 + 109*d + 1479. Determine s(-29).
0
Let j(m) = 349*m**2 + m + 1. What is j(1)?
351
Let w(q) = -17*q + 159. Determine w(-7).
278
Let j(o) = -o**2 - 62*o - 221. Calculate j(-4).
11
Let o(a) = 7*a**2 + 31*a + 79. Calculate o(-4).
67
Let a(j) = -j**3 - j**2 + j - 106. Give a(0).
-106
Let z(d) = 240*d + 978. Determine z(-4).
18
Let w(f) = -6852*f - 4. Determine w(0).
-4
Let c(v) = v**3 + 21*v**2 + 112*v + 183. What is c(-14)?
-